{"id":70,"date":"2025-09-06T12:41:20","date_gmt":"2025-09-06T12:41:20","guid":{"rendered":"https:\/\/hoohookauppa.fi\/shkl\/?post_type=product&#038;p=70"},"modified":"2025-09-06T12:42:14","modified_gmt":"2025-09-06T12:42:14","slug":"shkl-naisten-vetoketjuhuppari","status":"publish","type":"product","link":"https:\/\/hoohookauppa.fi\/shkl\/tuote\/shkl-naisten-vetoketjuhuppari\/","title":{"rendered":"SHKL Naisten vetoketjuhuppari"},"content":{"rendered":"<p>100% polyesteri\u00e4<\/p>\n<p>kaksi vetoketjullista etutaskua ja vetoketjullinen hihatasku<\/p>\n<p>&nbsp;<\/p>\n<p>LIS\u00c4KUVISTA L\u00d6YD\u00c4T KOKOTAULUKON, JONKA AVULLA L\u00d6YD\u00c4T OIKEAN KOON<\/p>\n","protected":false},"excerpt":{"rendered":"<p>100% polyesteri\u00e4 kaksi vetoketjullista etutaskua ja vetoketjullinen hihatasku &nbsp; LIS\u00c4KUVISTA L\u00d6YD\u00c4T KOKOTAULUKON, JONKA AVULLA L\u00d6YD\u00c4T OIKEAN KOON<\/p>\n","protected":false},"featured_media":103,"template":"","meta":[],"product_brand":[],"product_cat":[18,17],"product_tag":[20],"class_list":{"0":"post-70","1":"product","2":"type-product","3":"status-publish","4":"has-post-thumbnail","6":"product_cat-naisten-tekstiilit-shkl","7":"product_cat-shkl","8":"product_tag-t-paita-shkl","10":"first","11":"instock","12":"taxable","13":"shipping-taxable","14":"purchasable","15":"product-type-variable"},"_links":{"self":[{"href":"https:\/\/hoohookauppa.fi\/shkl\/wp-json\/wp\/v2\/product\/70","targetHints":{"allow":["GET"]}}],"collection":[{"href":"https:\/\/hoohookauppa.fi\/shkl\/wp-json\/wp\/v2\/product"}],"about":[{"href":"https:\/\/hoohookauppa.fi\/shkl\/wp-json\/wp\/v2\/types\/product"}],"wp:featuredmedia":[{"embeddable":true,"href":"https:\/\/hoohookauppa.fi\/shkl\/wp-json\/wp\/v2\/media\/103"}],"wp:attachment":[{"href":"https:\/\/hoohookauppa.fi\/shkl\/wp-json\/wp\/v2\/media?parent=70"}],"wp:term":[{"taxonomy":"product_brand","embeddable":true,"href":"https:\/\/hoohookauppa.fi\/shkl\/wp-json\/wp\/v2\/product_brand?post=70"},{"taxonomy":"product_cat","embeddable":true,"href":"https:\/\/hoohookauppa.fi\/shkl\/wp-json\/wp\/v2\/product_cat?post=70"},{"taxonomy":"product_tag","embeddable":true,"href":"https:\/\/hoohookauppa.fi\/shkl\/wp-json\/wp\/v2\/product_tag?post=70"}],"curies":[{"name":"wp","href":"https:\/\/api.w.org\/{rel}","templated":true}]}}