{"id":352,"date":"2025-01-03T13:29:40","date_gmt":"2025-01-03T13:29:40","guid":{"rendered":"https:\/\/hoohookauppa.fi\/ookkonaa\/?post_type=product&#038;p=352"},"modified":"2025-06-04T08:53:37","modified_gmt":"2025-06-04T08:53:37","slug":"pelekaakkonaa-termosmuki-300ml","status":"publish","type":"product","link":"https:\/\/hoohookauppa.fi\/ookkonaa\/tuote\/pelekaakkonaa-termosmuki-300ml\/","title":{"rendered":"Pelek\u00e4\u00e4kk\u00f6n\u00e4\u00e4 termosmuki 300ml"},"content":{"rendered":"<p>Muki pit\u00e4\u00e4 kuumat juomat l\u00e4mpim\u00e4n\u00e4 pidemp\u00e4\u00e4n.<\/p>\n<p>PP-muovin ja ruostumattoman ter\u00e4ksen yhdistelm\u00e4 kest\u00e4\u00e4 korroosiota ja on helppo puhdistaa<\/p>\n<p>&nbsp;<\/p>\n<p><em>Tuotteet l\u00e4htev\u00e4t varastoltamme 3-7 p\u00e4iv\u00e4n kuluessa tilauksesta.<\/em><\/p>\n<p><em>Toimitustavan p\u00e4\u00e4set valitsemaan kassalla.<\/em><\/p>\n","protected":false},"excerpt":{"rendered":"<p>Muki pit\u00e4\u00e4 kuumat juomat l\u00e4mpim\u00e4n\u00e4 pidemp\u00e4\u00e4n. PP-muovin ja ruostumattoman ter\u00e4ksen yhdistelm\u00e4 kest\u00e4\u00e4 korroosiota ja on helppo puhdistaa &nbsp; Tuotteet l\u00e4htev\u00e4t varastoltamme 3-7 p\u00e4iv\u00e4n kuluessa tilauksesta. Toimitustavan p\u00e4\u00e4set valitsemaan kassalla.<\/p>\n","protected":false},"featured_media":585,"template":"","meta":[],"product_brand":[],"product_cat":[25,19],"product_tag":[],"class_list":{"0":"post-352","1":"product","2":"type-product","3":"status-publish","4":"has-post-thumbnail","6":"product_cat-muut-pelekaakkonaa-tuotteet","7":"product_cat-pelekaakkonaa-tuotteet","9":"first","10":"instock","11":"taxable","12":"shipping-taxable","13":"purchasable","14":"product-type-simple"},"_links":{"self":[{"href":"https:\/\/hoohookauppa.fi\/ookkonaa\/wp-json\/wp\/v2\/product\/352","targetHints":{"allow":["GET"]}}],"collection":[{"href":"https:\/\/hoohookauppa.fi\/ookkonaa\/wp-json\/wp\/v2\/product"}],"about":[{"href":"https:\/\/hoohookauppa.fi\/ookkonaa\/wp-json\/wp\/v2\/types\/product"}],"wp:featuredmedia":[{"embeddable":true,"href":"https:\/\/hoohookauppa.fi\/ookkonaa\/wp-json\/wp\/v2\/media\/585"}],"wp:attachment":[{"href":"https:\/\/hoohookauppa.fi\/ookkonaa\/wp-json\/wp\/v2\/media?parent=352"}],"wp:term":[{"taxonomy":"product_brand","embeddable":true,"href":"https:\/\/hoohookauppa.fi\/ookkonaa\/wp-json\/wp\/v2\/product_brand?post=352"},{"taxonomy":"product_cat","embeddable":true,"href":"https:\/\/hoohookauppa.fi\/ookkonaa\/wp-json\/wp\/v2\/product_cat?post=352"},{"taxonomy":"product_tag","embeddable":true,"href":"https:\/\/hoohookauppa.fi\/ookkonaa\/wp-json\/wp\/v2\/product_tag?post=352"}],"curies":[{"name":"wp","href":"https:\/\/api.w.org\/{rel}","templated":true}]}}