{"id":3,"date":"2024-12-23T09:14:43","date_gmt":"2024-12-23T09:14:43","guid":{"rendered":"https:\/\/hoohookauppa.fi\/ookkonaa\/?page_id=3"},"modified":"2024-12-23T07:41:12","modified_gmt":"2024-12-23T07:41:12","slug":"privacy-policy","status":"publish","type":"page","link":"https:\/\/hoohookauppa.fi\/ookkonaa\/privacy-policy\/","title":{"rendered":"Tietosuojaseloste"},"content":{"rendered":"\n<h2 class=\"wp-block-heading\">24.5.2018<\/h2>\n\n\n\n<p><br>Ta\u0308ma\u0308 tietosuojaseloste sisa\u0308lta\u0308a\u0308 myo\u0308s henkilo\u0308tietolain (523\/1999) 10\u00a7:n mukaisen rekisteriselosteen<\/p>\n\n\n\n<p><strong>Rekisterinpita\u0308ja\u0308:<\/strong><br>Hoo-Hoo Oy<br>Y-tunnus: 0751341-5<br>Aittom\u00e4entie 7, 33880 Lemp\u00e4\u00e4l\u00e4<br>puh. 010 666 3000<br>www.hoohoo.fi<br>Rekisteriasioista vastaavien yhteystiedot<br>Heidi Hietala<br>heidi.hietala@hoohoo.fi<br>0505711141<\/p>\n\n\n\n<p><br><strong>Rekisterin nimi<\/strong><br>Hoo-Hoo Oy:n asiakas-, viestinn\u00e4n- ja markkinointirekisteri.<br>Rekisterissa\u0308 olevien tietojen ka\u0308ytto\u0308tarkoitus<br>Asiakastiedot ja asiakkuuksiin liittyva\u0308t tiedot asiakasuhteiden hoitamiseen ja kehitt\u00e4miseen.<br>Palveluiden toteuttaminen ja markkinointi.<br>Rekisteriin kera\u0308ta\u0308a\u0308n seuraavat tiedot:<br>Yrityksen ja\/ tai henkilo\u0308n etu- ja sukunimi, titteli\/vastuualue, osoite, sa\u0308hko\u0308postiosoite,<br>puhelinnumero, yleisesti saatavilla olevat luokittelutiedot, ja tiedot markkinoinnin luvista ja<br>kielloista.<br>Henkilo\u0308iden itsensa\u0308 antamat luokittelutiedot ja toimenkuvatiedot<br>IP-osoitetieto tai muu tunniste<br>Asiakaspalautetiedot<br>Tilaus-, laskutus- ja toimitustiedot<br>Eva\u0308sta\u0308iden kautta kera\u0308tta\u0308va\u0308t tiedot<br>Muut asiakkaan suostumuksella kera\u0308tta\u0308va\u0308t tiedot.<br>Verkkopalvelustamme kera\u0308a\u0308ma\u0308mme tiedot<br>Tallennamme rekisteriimme myo\u0308s tiedot, jotka olet itse toimittanut yhteydenottolomakkeella<br>Hoo-Hoo Oy:n verkkosivuston hoohoo.fi tai palvelun alasivujen tai ali-domainien kautta, tai<br>sa\u0308hko\u0308postilla.<br>Henkilo\u0308n titteli \/ vastuualue, yrityksen nimi, yrityksen yhteystiedot, yrityksen toimiala.<\/p>\n\n\n\n<p><br><strong>Rekisterin ka\u0308ytto\u0308tarkoitus<\/strong><br>Rekisteria\u0308 ka\u0308yteta\u0308a\u0308n olemassa olevia asetuksia ja lakeja noudattaen asiakassuhteen hoitamiseen<br>ja kehitta\u0308miseen, palvelun tuottamiseen ja kehitta\u0308miseen, palvelusta ja tuotteista tiedottamiseen ja<br>viestimiseen, seka\u0308 laskuttamiseen ja tuotteiden toimittamiseen.<br>Tietosuojaseloste 6.4.2018<br>Markkinointirekisterin tietoja ka\u0308yteta\u0308a\u0308n viestinta\u0308a\u0308n seka\u0308 digitaaliseen B2B-suoramarkkinointiin \u2013<br>perustuen vastaanottajan vastuualueeseen yrityksessa\u0308a\u0308n seka\u0308 yrityksen toimialaan.<\/p>\n\n\n\n<p><br><strong>Rekisterin tietola\u0308hteet<\/strong><br>Hoo-Hoo Oy:n asiakasrekisteri. Julkiset verkkosivut. Yleisesti saatavilla olevat tiedot. Henkil\u00f6lt\u00e4 itse saadut tiedot.<\/p>\n\n\n\n<p><br><strong>Tietojen luovutus<\/strong><br>Tietoja ei luovuteta kolmansille osapuolille.<br>Palvelun laadun varmistamiseksi, saatamme luovuttaa tietoja teknisille yhteistyo\u0308kumppaneillemme,<br>jotka ka\u0308sitteleva\u0308t tietojasi ainoastaan palvelun toimittamisen vaatimissa rajoissa.<br>Yhteistyo\u0308kumppanimme eiva\u0308t ka\u0308yta\u0308 tietoja muihin tarkoituksiin eiva\u0308tka\u0308 luovuta tietoja kolmansille osapuolille.<\/p>\n\n\n\n<p><br><strong>Rekisterin suojaus<\/strong><br>Rekisteri on suojattu ulkopuolisten ka\u0308yto\u0308lta\u0308. Rekisterin ka\u0308ytto\u0308 on suojattu henkilo\u0308kohtaisin ka\u0308ytta\u0308ja\u0308tunnuksin ja salasanoin. Ka\u0308ytta\u0308jia\u0308 sitoo salassapitovelvollisuus. Rekisteriin pa\u0308a\u0308sy on<br>ainoastaan Hoo-Hoo Oy:n rajatuilla tyo\u0308ntekijo\u0308illa\u0308, joiden tyo\u0308tehta\u0308va\u0308t edellytta\u0308va\u0308t rekisterissa\u0308 olevien tietojen ka\u0308sittelya\u0308. Tyo\u0308ntekijo\u0308ita\u0308 sitoo vaitiolovelvollisuus.<\/p>\n\n\n\n<p><br><strong>Eva\u0308steet<\/strong><br>Ka\u0308yta\u0308mme verkkosivuillamme eva\u0308steita\u0308 (\u201dcookies\u201d). Eva\u0308ste on pieni, ka\u0308ytta\u0308ja\u0308n tietokoneelle la\u0308hetetta\u0308va\u0308 ja siella\u0308 sa\u0308ilytetta\u0308va\u0308 tekstitiedosto. Eva\u0308steet eiva\u0308t vahingoita ka\u0308ytta\u0308jien tietokoneita tai tiedostoja.<br>Eva\u0308steiden ka\u0308yto\u0308n ensisijaisena tarkoituksena on parantaa ja mukauttaa vierailijan ka\u0308ytto\u0308kokemusta sivustolla seka\u0308 analysoida ja parantaa sivuston toimivuutta ja sisa\u0308lto\u0308a\u0308.<br>Eva\u0308steiden avulla kera\u0308ttyja\u0308 tietoja voidaan myo\u0308s hyo\u0308dynta\u0308a\u0308 viestinna\u0308n ja markkinoinnin kohdentamisessa seka\u0308 markkinointitoimenpiteiden optimoinnissa.<br>Vierailijaa ei voida tunnistaa pelkkien eva\u0308steiden avulla. Eva\u0308steiden avulla saatua tietoa voidaan<br>kuitenkin liitta\u0308a\u0308 ka\u0308ytta\u0308ja\u0308lta\u0308 mahdollisesti muussa yhteydessa\u0308 saatuihin tietoihin, esimerkiksi ka\u0308ytta\u0308ja\u0308n ta\u0308ytta\u0308essa\u0308 lomakkeen sivustollamme.<br>Eva\u0308steiden avulla kera\u0308ta\u0308a\u0308n seuraavanlaisia tietoja:<\/p>\n\n\n\n<ul class=\"wp-block-list\">\n<li>vierailijan IP-osoite<\/li>\n\n\n\n<li>vierailun ajankohta<\/li>\n\n\n\n<li>selatut sivut ja sivujen katseluajat<br>Sosiaalisen median liita\u0308nna\u0308iset<br>Hoo-Hoo Oy:n sivustoilla voi olla linkkeja\u0308 kolmannen osapuolen verkkosivustoihin seka\u0308 ns.<br>sosiaalisen median liita\u0308nna\u0308isia\u0308 (esim. Facebookin yhteiso\u0308liita\u0308nna\u0308isia\u0308). Sosiaalisen median<br>liita\u0308nna\u0308isten ka\u0308ytta\u0308minen voi la\u0308hetta\u0308a\u0308 tunnistettavaa tietoa kyseisille sosiaalisen median<br>palveluntarjoajille. Liita\u0308nna\u0308isen avatessasi saatat sallia kolmansien osapuolten internetsivujen<br>eva\u0308steiden tallentumisen tietokoneellesi, jolloin na\u0308iden hallinnoijat voivat seurata sivun ka\u0308ytto\u0308a\u0308,<br>mika\u0308li olet kirjautunut kyseisen palveluntarjoajan sosiaaliseen mediaan. Na\u0308ihin sivustoilla oleviin<br>kolmannen osapuolen tarjoamiin palveluihin tai kolmannen osapuolen va\u0308litta\u0308miin sovelluksiin<br>sovelletaan kolmannen osapuolen yksityisyys-, ka\u0308ytto\u0308- ja muita ehtoja. Hoo-Hoo Oy:lla\u0308 ei ole<br>ma\u0308a\u0308ra\u0308ysvaltaa ta\u0308llaisiin kolmansien osapuolten internetsivuihin, eika\u0308 Hoo-Hoo Oy ole vastuussa<br>mista\u0308a\u0308n niilla\u0308 julkaistusta materiaalista tai niiden ka\u0308yto\u0308sta\u0308.<br>Rekistero\u0308idyn oikeudet<br>Sivuillamme vierailevalla ka\u0308ytta\u0308ja\u0308lla\u0308 on mahdollisuus koska tahansa esta\u0308a\u0308 eva\u0308steiden ka\u0308ytto\u0308<br>muuttamalla selaimensa asetuksia. Useimmat selainohjelmat mahdollistavat eva\u0308ste-toiminnon<br>poiskytkemisen ja jo tallennettujen eva\u0308steiden poistamisen. Eva\u0308steiden ka\u0308yto\u0308n esta\u0308minen saattaa<br>vaikuttaa sivuston toiminnallisuuteen.<br>Rekistero\u0308idylla\u0308 on henkilo\u0308tietolain 26 \u00a7:n mukaisesti oikeus tarkastaa, mita\u0308 tietoja olemme sinusta<br>kera\u0308nneet. Sinulla on oikeus lain sallimissa puitteissa vaatia virheellisen, tarpeettoman,<br>puutteellisen tai vanhentuneen henkilo\u0308tiedon korjaamista tai poistamista. Jokaisessa<br>la\u0308hetta\u0308ma\u0308ssa\u0308mme suorapostissa on linkki, josta vastaanottaja voi esta\u0308a\u0308 suorapostitukset jatkossa.<br><strong>Voit myo\u0308s kielta\u0308a\u0308 Hoo-Hoo Oy:ta\u0308 ka\u0308sittelema\u0308sta\u0308 itsea\u0308si koskevia tietoja suoramarkkinointiin<br>la\u0308hetta\u0308ma\u0308lla\u0308 sa\u0308hko\u0308postia osoitteeseen heidi.hietala@hoohoo.fi<\/strong><\/li>\n<\/ul>\n\n\n\n<p><\/p>\n","protected":false},"excerpt":{"rendered":"<p>24.5.2018 Ta\u0308ma\u0308 tietosuojaseloste sisa\u0308lta\u0308a\u0308 myo\u0308s henkilo\u0308tietolain (523\/1999) 10\u00a7:n mukaisen rekisteriselosteen Rekisterinpita\u0308ja\u0308:Hoo-Hoo OyY-tunnus: 0751341-5Aittom\u00e4entie 7, 33880 Lemp\u00e4\u00e4l\u00e4puh. 010 666 3000www.hoohoo.fiRekisteriasioista vastaavien yhteystiedotHeidi Hietalaheidi.hietala@hoohoo.fi0505711141 Rekisterin nimiHoo-Hoo Oy:n asiakas-, viestinn\u00e4n- ja markkinointirekisteri.Rekisterissa\u0308 olevien tietojen ka\u0308ytto\u0308tarkoitusAsiakastiedot ja asiakkuuksiin liittyva\u0308t tiedot asiakasuhteiden hoitamiseen ja kehitt\u00e4miseen.Palveluiden toteuttaminen ja markkinointi.Rekisteriin kera\u0308ta\u0308a\u0308n seuraavat tiedot:Yrityksen ja\/ tai henkilo\u0308n etu- ja sukunimi, titteli\/vastuualue, osoite, sa\u0308hko\u0308postiosoite,puhelinnumero, [&hellip;]<\/p>\n","protected":false},"author":1,"featured_media":0,"parent":0,"menu_order":0,"comment_status":"closed","ping_status":"open","template":"","meta":{"footnotes":""},"class_list":["post-3","page","type-page","status-publish","hentry"],"_links":{"self":[{"href":"https:\/\/hoohookauppa.fi\/ookkonaa\/wp-json\/wp\/v2\/pages\/3","targetHints":{"allow":["GET"]}}],"collection":[{"href":"https:\/\/hoohookauppa.fi\/ookkonaa\/wp-json\/wp\/v2\/pages"}],"about":[{"href":"https:\/\/hoohookauppa.fi\/ookkonaa\/wp-json\/wp\/v2\/types\/page"}],"author":[{"embeddable":true,"href":"https:\/\/hoohookauppa.fi\/ookkonaa\/wp-json\/wp\/v2\/users\/1"}],"replies":[{"embeddable":true,"href":"https:\/\/hoohookauppa.fi\/ookkonaa\/wp-json\/wp\/v2\/comments?post=3"}],"version-history":[{"count":1,"href":"https:\/\/hoohookauppa.fi\/ookkonaa\/wp-json\/wp\/v2\/pages\/3\/revisions"}],"predecessor-version":[{"id":62,"href":"https:\/\/hoohookauppa.fi\/ookkonaa\/wp-json\/wp\/v2\/pages\/3\/revisions\/62"}],"wp:attachment":[{"href":"https:\/\/hoohookauppa.fi\/ookkonaa\/wp-json\/wp\/v2\/media?parent=3"}],"curies":[{"name":"wp","href":"https:\/\/api.w.org\/{rel}","templated":true}]}}