{"id":11,"date":"2024-12-23T07:44:37","date_gmt":"2024-12-23T07:44:37","guid":{"rendered":"https:\/\/hoohookauppa.fi\/ookkonaa\/?page_id=11"},"modified":"2024-12-23T07:44:37","modified_gmt":"2024-12-23T07:44:37","slug":"refund_returns","status":"publish","type":"page","link":"https:\/\/hoohookauppa.fi\/ookkonaa\/refund_returns\/","title":{"rendered":"Toimitusehdot"},"content":{"rendered":"\n<h2 class=\"wp-block-heading\"><strong>TILAAMINEN<\/strong><\/h2>\n\n\n\n<p>Tuotteet tilataan verkkokaupan kotisivuilla siirt\u00e4m\u00e4ll\u00e4 ne ostoskoriin ja maksamalla ostoskorin sis\u00e4lt\u00f6 kassapalvelussa. Kaikki asiakastiedot k\u00e4sitell\u00e4\u00e4n luottamuksellisesti. Tilauksen yhteydess\u00e4 kysyttyj\u00e4 yhteystietoja ei k\u00e4ytet\u00e4 muuhun kuin tilauksen toimitukseen tai siin\u00e4 ilmenevien ep\u00e4selvyyksien selvitt\u00e4miseen, ellei erikseen toisin mainita. Tilatessasi verkkokaupasta sinun edellytet\u00e4\u00e4n tutustuneen ja sitoutuneen kulloinkin voimassa oleviin toimitusehtoihin.<\/p>\n\n\n\n<h2 class=\"wp-block-heading\"><strong>MAKSAMINEN JA MAKSUTAVAT<\/strong><\/h2>\n\n\n\n<p>Tuotteet maksetaan tilauksen yhteydess\u00e4 verkkokaupan kautta. Maksut v\u00e4litet\u00e4\u00e4n Paytrail Oyj:n (y-tunnus 2122839-7 ) palvelun kautta. K\u00e4yt\u00f6ss\u00e4 on kaikkien suomalaisten pankkien maksupainikkeet. Voit maksaa Aktian, Danske Bankin, Handelsbankenin, Nordean, Oma S\u00e4\u00e4st\u00f6pankin, Osuuspankin, POP-pankin, S\u00e4\u00e4st\u00f6pankin, S-pankin ja \u00c5landsbankenin maksupainikkeilla. Tiliotteellasi maksunsaajana n\u00e4kyy Checkout Finland Oy, joka v\u00e4litt\u00e4\u00e4 maksun Hoo-Hoo Oy:lle. Verkkokaupasta sinut ohjataan suoraan omaan pankkiisi suorittamaan maksu turvallisesti.<\/p>\n\n\n\n<h2 class=\"wp-block-heading\"><strong>TILAUS- JA MAKSUVAHVISTUS<\/strong><\/h2>\n\n\n\n<p>Onnistuneen tilauksen j\u00e4lkeen s\u00e4hk\u00f6postiisi l\u00e4hetet\u00e4\u00e4n tilausvahvistus. Vahvistusviestien l\u00e4hett\u00e4minen edellytt\u00e4\u00e4 s\u00e4hk\u00f6postiosoitteen antamista tilauksen yhteydess\u00e4.<\/p>\n\n\n\n<h2 class=\"wp-block-heading\"><strong>TOIMITUSTAVAT JA -KULUT<\/strong><\/h2>\n\n\n\n<p>Verkkokaupan hintoihin lis\u00e4t\u00e4\u00e4n toimituskulut. Toimitustapavaihtoehdot ovat posti ja nouto erikseen sovitusti Hoo-Hoo Oy:n varastolta.<\/p>\n\n\n\n<h2 class=\"wp-block-heading\"><strong>TOIMITUSAIKA<\/strong><\/h2>\n\n\n\n<p>Yleisimm\u00e4t toimitusaikamme Suomeen ovat tilauksesta ja toimitustavasta riippuen 3-7 arkip\u00e4iv\u00e4\u00e4. Emme vastaa ylivoimaisen esteen aiheuttamista viiv\u00e4stymisist\u00e4 tai viiv\u00e4stysten aiheuttamista v\u00e4lillisist\u00e4 haitoista. Poikkeavista toimitusajoista tiedotetaan verkkokaupan etusivulla.<\/p>\n\n\n\n<h2 class=\"wp-block-heading\"><strong>PERUUTUSOIKEUS JA PALAUTUSEHDOT<\/strong><\/h2>\n\n\n\n<p>Sinulla on kuluttajansuojalain mukainen oikeus peruuttaa tilauksesi 14 vuorokauden kuluessa tilauksen vastaanottamisesta. Peruutusilmoitukseen sinun tulee merkit\u00e4 nimesi, osoitteesi, tilausp\u00e4iv\u00e4, tuote ja se tulee l\u00e4hett\u00e4\u00e4 s\u00e4hk\u00f6postilla osoitteeseen&nbsp;<a href=\"mailto:hoohoo@hoohoo.fi\">hoohoo@hoohoo.fi<\/a>. Tuote tulee palauttaa postitse 14 p\u00e4iv\u00e4n kuluessa peruutusilmoituksesta alkuper\u00e4iskunnossa ja alkuper\u00e4ispakkauksessa. Palautuskustannukset ovat asiakkaan vastuulla. Liit\u00e4 kopio peruutusilmoituksesta tuotepalautuksen yhteyteen. Mik\u00e4li tuotetta on k\u00e4ytetty, pid\u00e4t\u00e4mme oikeuden laskuttaa arvonalennuksesta.<\/p>\n\n\n\n<p>Jos haluat palauttaa tai vaihtaa tuotteita tarkistusajan j\u00e4lkeen, ole aina ensin suoraan yhteydess\u00e4 meihin. Palauttaessasi toimitetun tilauksen, liit\u00e4 siihen mukaan nimesi ja yhteystietosi sek\u00e4 tilinumerosi rahojen palautusta varten. Palautamme maksamasi summan kokonaisuudessaan 14 p\u00e4iv\u00e4n kuluessa peruutusilmoituksen saapumisesta, mik\u00e4li tuote on palautettu tai se on todistettavasti annettu postin kuljetettavaksi palautusosoitteeseen. Tarkemmat ohjeet ja palautusosoitteen saat ottamalla meihin yhteytt\u00e4 s\u00e4hk\u00f6postitse osoitteeseen&nbsp;<a href=\"mailto:hoohoo@hoohoo.fi\">hoohoo@hoohoo.fi<\/a><\/p>\n\n\n\n<h2 class=\"wp-block-heading\"><strong>LUNASTAMATON PAKETTI<\/strong><\/h2>\n\n\n\n<p>Lunastamatta j\u00e4tt\u00e4minen ei ole sama asia kuin palautus tai peruutus. Lunastamatta j\u00e4tetyst\u00e4 paketista, josta ei ole tehty erillist\u00e4 peruutusilmoitusta, perimme erillisen maksun.<\/p>\n\n\n\n<h2 class=\"wp-block-heading\"><strong>ONGELMATILANTEET<\/strong><\/h2>\n\n\n\n<p>Mik\u00e4li tuote on kadonnut tai vioittunut kuljetuksen aikana tai se ei muuten vastaa tilaustasi, tulee sinun ilmoittaa virheest\u00e4 viimeist\u00e4\u00e4n 14 p\u00e4iv\u00e4n kuluessa kirjallisesti Peruutusoikeus ja palautusehdot -kohdassa mainittuun s\u00e4hk\u00f6postiosoitteeseen. Jos paketti on vioittunut postissa, on tuotteesta teht\u00e4v\u00e4 v\u00e4litt\u00f6m\u00e4sti reklamaatio Postiin.<\/p>\n\n\n\n<p><\/p>\n","protected":false},"excerpt":{"rendered":"<p>TILAAMINEN Tuotteet tilataan verkkokaupan kotisivuilla siirt\u00e4m\u00e4ll\u00e4 ne ostoskoriin ja maksamalla ostoskorin sis\u00e4lt\u00f6 kassapalvelussa. Kaikki asiakastiedot k\u00e4sitell\u00e4\u00e4n luottamuksellisesti. Tilauksen yhteydess\u00e4 kysyttyj\u00e4 yhteystietoja ei k\u00e4ytet\u00e4 muuhun kuin tilauksen toimitukseen tai siin\u00e4 ilmenevien ep\u00e4selvyyksien selvitt\u00e4miseen, ellei erikseen toisin mainita. Tilatessasi verkkokaupasta sinun edellytet\u00e4\u00e4n tutustuneen ja sitoutuneen kulloinkin voimassa oleviin toimitusehtoihin. MAKSAMINEN JA MAKSUTAVAT Tuotteet maksetaan tilauksen yhteydess\u00e4 verkkokaupan [&hellip;]<\/p>\n","protected":false},"author":1,"featured_media":0,"parent":0,"menu_order":0,"comment_status":"closed","ping_status":"closed","template":"","meta":{"footnotes":""},"class_list":["post-11","page","type-page","status-publish","hentry"],"_links":{"self":[{"href":"https:\/\/hoohookauppa.fi\/ookkonaa\/wp-json\/wp\/v2\/pages\/11","targetHints":{"allow":["GET"]}}],"collection":[{"href":"https:\/\/hoohookauppa.fi\/ookkonaa\/wp-json\/wp\/v2\/pages"}],"about":[{"href":"https:\/\/hoohookauppa.fi\/ookkonaa\/wp-json\/wp\/v2\/types\/page"}],"author":[{"embeddable":true,"href":"https:\/\/hoohookauppa.fi\/ookkonaa\/wp-json\/wp\/v2\/users\/1"}],"replies":[{"embeddable":true,"href":"https:\/\/hoohookauppa.fi\/ookkonaa\/wp-json\/wp\/v2\/comments?post=11"}],"version-history":[{"count":1,"href":"https:\/\/hoohookauppa.fi\/ookkonaa\/wp-json\/wp\/v2\/pages\/11\/revisions"}],"predecessor-version":[{"id":63,"href":"https:\/\/hoohookauppa.fi\/ookkonaa\/wp-json\/wp\/v2\/pages\/11\/revisions\/63"}],"wp:attachment":[{"href":"https:\/\/hoohookauppa.fi\/ookkonaa\/wp-json\/wp\/v2\/media?parent=11"}],"curies":[{"name":"wp","href":"https:\/\/api.w.org\/{rel}","templated":true}]}}